{"id":20,"date":"2024-04-23T06:22:27","date_gmt":"2024-04-23T06:22:27","guid":{"rendered":"https:\/\/www.xn--parafiaranka-7hb23q.pl\/?page_id=20"},"modified":"2024-06-02T17:44:50","modified_gmt":"2024-06-02T17:44:50","slug":"kontakt","status":"publish","type":"page","link":"https:\/\/www.xn--parafiaranka-7hb23q.pl\/index.php\/kontakt\/","title":{"rendered":"Kontakt"},"content":{"rendered":"\n<h1 class=\"wp-block-heading has-text-align-center\"><strong>PARAFIA WNIEBOWZI\u0118CIA NMP<\/strong><\/h1>\n\n\n\n<p class=\"has-text-align-center\"><strong>R\u00d3\u017bANKA 15<\/strong><\/p>\n\n\n\n<p class=\"has-text-align-center\"><strong>57-530 MI\u0118DZYLESIE<\/strong><\/p>\n\n\n\n<p class=\"has-text-align-center\"><strong>Nr tel. 699 864 721<\/strong><\/p>\n\n\n\n<p class=\"has-text-align-center\"><strong><a href=\"rafal.masztalerz80@gmail.com\" data-type=\"link\" data-id=\"rafal.masztalerz80@gmail.com\">rafal.masztalerz80@gmail.com\u00a0<\/a><\/strong><\/p>\n\n\n\n<p class=\"has-text-align-center\"><strong>NR KONTA PARAFIALNEGO<\/strong><\/p>\n\n\n\n<p class=\"has-text-align-center\">BANK SP\u00d3\u0141DZIELCZY W K\u0141ODZKU<\/p>\n\n\n\n<p class=\"has-text-align-center\"><strong><u>&nbsp;57 9523 1040 0107 8228 2001 0001<\/u><\/strong><\/p>\n","protected":false},"excerpt":{"rendered":"<p>PARAFIA WNIEBOWZI\u0118CIA NMP R\u00d3\u017bANKA 15 57-530 MI\u0118DZYLESIE Nr tel. 699 864 721 rafal.masztalerz80@gmail.com\u00a0 NR KONTA PARAFIALNEGO BANK SP\u00d3\u0141DZIELCZY W K\u0141ODZKU &nbsp;57 9523 1040 0107 8228 2001 0001<\/p>\n","protected":false},"author":1,"featured_media":0,"parent":0,"menu_order":0,"comment_status":"closed","ping_status":"closed","template":"","meta":{"footnotes":""},"class_list":["post-20","page","type-page","status-publish","hentry"],"_links":{"self":[{"href":"https:\/\/www.xn--parafiaranka-7hb23q.pl\/index.php\/wp-json\/wp\/v2\/pages\/20","targetHints":{"allow":["GET"]}}],"collection":[{"href":"https:\/\/www.xn--parafiaranka-7hb23q.pl\/index.php\/wp-json\/wp\/v2\/pages"}],"about":[{"href":"https:\/\/www.xn--parafiaranka-7hb23q.pl\/index.php\/wp-json\/wp\/v2\/types\/page"}],"author":[{"embeddable":true,"href":"https:\/\/www.xn--parafiaranka-7hb23q.pl\/index.php\/wp-json\/wp\/v2\/users\/1"}],"replies":[{"embeddable":true,"href":"https:\/\/www.xn--parafiaranka-7hb23q.pl\/index.php\/wp-json\/wp\/v2\/comments?post=20"}],"version-history":[{"count":4,"href":"https:\/\/www.xn--parafiaranka-7hb23q.pl\/index.php\/wp-json\/wp\/v2\/pages\/20\/revisions"}],"predecessor-version":[{"id":315,"href":"https:\/\/www.xn--parafiaranka-7hb23q.pl\/index.php\/wp-json\/wp\/v2\/pages\/20\/revisions\/315"}],"wp:attachment":[{"href":"https:\/\/www.xn--parafiaranka-7hb23q.pl\/index.php\/wp-json\/wp\/v2\/media?parent=20"}],"curies":[{"name":"wp","href":"https:\/\/api.w.org\/{rel}","templated":true}]}}